 (base 4) in base 10?
111
Convert -2 (base 7) to base 10.
-2
What is 10 (base 15) in base 14?
11
Convert -11 (base 7) to base 14.
-8
-70 (base 10) to base 14
-50
Convert -1 (base 7) to base 15.
-1
1 (base 4) to base 11
1
4 (base 7) to base 16
4
Convert -4 (base 6) to base 8.
-4
-322 (base 7) to base 13
-c7
What is 4 (base 6) in base 4?
10
What is 6 (base 15) in base 3?
20
What is 2 (base 10) in base 7?
2
Convert -290 (base 10) to base 9.
-352
What is 0 (base 15) in base 2?
0
-1 (base 6) to base 12
-1
-180 (base 10) to base 7
-345
3 (base 10) to base 6
3
What is -42 (base 16) in base 11?
-60
-2 (base 14) to base 10
-2
4 (base 10) to base 9
4
Convert -14 (base 9) to base 8.
-15
57 (base 10) to base 5
212
23 (base 14) to base 10
31
2 (base 13) to base 15
2
Convert -1 (base 13) to base 3.
-1
Convert 4 (base 16) to base 8.
4
Convert -ed (base 15) to base 8.
-337
Convert 10 (base 4) to base 6.
4
-12 (base 11) to base 7
-16
What is 30 (base 16) in base 14?
36
What is -515 (base 6) in base 15?
-cb
Convert 49 (base 11) to base 14.
3b
Convert 15 (base 9) to base 11.
13
0 (base 3) to base 11
0
Convert 4 (base 14) to base 7.
4
Convert 2 (base 12) to base 11.
2
Convert 3 (base 14) to base 15.
3
0 (base 12) to base 6
0
Convert 2 (base 5) to base 13.
2
Convert 11 (base 5) to base 16.
6
Convert 145 (base 12) to base 15.
d2
What is -7 (base 12) in base 6?
-11
What is -2 (base 8) in base 10?
-2
Convert 5 (base 9) to base 12.
5
-2 (base 16) to base 2
-10
What is -1b (base 15) in base 8?
-32
-5 (base 6) to base 8
-5
2 (base 12) to base 9
2
What is -c (base 16) in base 14?
-c
What is 21 (base 3) in base 15?
7
-53 (base 7) to base 9
-42
What is 101 (base 4) in base 15?
12
What is 10 (base 4) in base 12?
4
Convert c (base 13) to base 14.
c
-2 (base 12) to base 13
-2
Convert -7 (base 11) to base 14.
-7
What is 5b (base 12) in base 16?
47
19 (base 15) to base 5
44
Convert 2 (base 16) to base 8.
2
351 (base 8) to base 13
14c
What is -1 (base 7) in base 10?
-1
Convert 2 (base 9) to base 10.
2
55 (base 6) to base 7
50
158 (base 9) to base 12
b2
Convert 73 (base 8) to base 10.
59
What is -1110011 (base 2) in base 15?
-7a
1 (base 15) to base 11
1
What is -12 (base 11) in base 6?
-21
What is 9 (base 12) in base 7?
12
What is -1 (base 4) in base 7?
-1
Convert 9 (base 14) to base 4.
21
Convert -104 (base 15) to base 16.
-e5
Convert -34 (base 6) to base 11.
-20
What is 143 (base 14) in base 6?
1103
Convert c9 (base 16) to base 14.
105
3 (base 14) to base 7
3
What is 10 (base 10) in base 7?
13
Convert -1 (base 16) to base 10.
-1
-231 (base 7) to base 12
-a0
Convert -1 (base 16) to base 7.
-1
Convert -3 (base 15) to base 9.
-3
20 (base 5) to base 14
a
What is -220 (base 3) in base 16?
-18
What is -11110 (base 2) in base 12?
-26
Convert -3 (base 15) to base 13.
-3
What is -2 (base 7) in base 8?
-2
3 (base 14) to base 8
3
What is 12 (base 13) in base 14?
11
What is -36 (base 9) in base 12?
-29
3 (base 12) to base 13
3
Convert 2 (base 8) to base 12.
2
Convert -12 (base 6) to base 11.
-8
Convert -1 (base 12) to base 9.
-1
What is -7 (base 10) in base 2?
-111
What is -1 (base 12) in base 4?
-1
-19 (base 16) to base 11
-23
What is -334 (base 5) in base 16?
-5e
12010 (base 3) to base 14
9c
What is -a (base 12) in base 9?
-11
-2100 (base 3) to base 8
-77
Convert 1111 (base 2) to base 13.
12
35 (base 12) to base 3
1112
-221 (base 5) to base 15
-41
What is -1110 (base 2) in base 16?
-e
What is 10010 (base 2) in base 10?
18
Convert 2220 (base 3) to base 11.
71
-7 (base 8) to base 7
-10
1 (base 15) to base 5
1
Convert 3 (base 9) to base 15.
3
What is 36 (base 12) in base 10?
42
What is -126 (base 10) in base 7?
-240
-1 (base 15) to base 12
-1
-4 (base 14) to base 7
-4
26 (base 8) to base 14
18
-220 (base 6) to base 15
-59
What is 5f (base 16) in base 11?
87
Convert 9 (base 11) to base 5.
14
-6 (base 7) to base 2
-110
What is 10 (base 13) in base 8?
15
What is 1 (base 14) in base 5?
1
Convert -15 (base 15) to base 11.
-19
121 (base 4) to base 7
34
-47 (base 10) to base 16
-2f
1 (base 6) to base 8
1
What is 4 (base 12) in base 9?
4
1 (base 16) to base 10
1
Convert -1 (base 15) to base 5.
-1
Convert 12 (base 3) to base 15.
5
Convert -11 (base 2) to base 12.
-3
What is -11110101 (base 2) in base 12?
-185
Convert -10200 (base 4) to base 5.
-2123
-26 (base 13) to base 10
-32
What is 3 (base 4) in base 9?
3
-50 (base 11) to base 7
-106
What is -1 (base 11) in base 6?
-1
What is -47 (base 11) in base 6?
-123
What is -416 (base 8) in base 11?
-226
6 (base 10) to base 5
11
What is -1 (base 2) in base 14?
-1
1113 (base 6) to base 7
522
173 (base 8) to base 15
83
Convert 3 (base 6) to base 2.
11
Convert d (base 16) to base 5.
23
What is -6e (base 16) in base 8?
-156
1 (base 10) to base 3
1
What is -15 (base 8) in base 12?
-11
What is 3100 (base 4) in base 15?
dd
Convert 1 (base 15) to base 5.
1
What is 3 (base 12) in base 9?
3
Convert 100 (base 7) to base 13.
3a
What is 1124 (base 5) in base 14?
ba
Convert -34 (base 5) to base 6.
-31
Convert 36 (base 16) to base 13.
42
-45 (base 6) to base 13
-23
Convert 58 (base 15) to base 9.
102
What is -9 (base 12) in base 10?
-9
What is 1100 (base 2) in base 14?
c
-22 (base 4) to base 5
-20
What is -30 (base 15) in base 10?
-45
-216 (base 9) to base 2
-10110001
Convert 3 (base 12) to base 2.
11
Convert 235 (base 7) to base 16.
7c
-7 (base 8) to base 15
-7
What is -2 (base 13) in base 10?
-2
Convert 454 (base 6) to base 14.
ca
What is -18 (base 10) in base 8?
-22
What is 2 (base 6) in base 15?
2
Convert -2 (base 13) to base 15.
-2
Convert -51 (base 10) to base 7.
-102
20 (base 8) to base 11
15
-11 (base 3) to base 13
-4
1 (base 9) to base 5
1
What is -c (base 13) in base 15?
-c
-21 (base 12) to base 6
-41
What is 3 (base 15) in base 10?
3
Convert 0 (base 14) to base 15.
0
1004 (base 5) to base 2
10000001
100 (base 2) to base 11
4
What is -10 (base 3) in base 7?
-3
Convert -3 (base 9) to base 8.
-3
-7 (base 12) to base 6
-11
Convert 1110 (base 3) to base 8.
47
What is 4 (base 7) in base 5?
4
Convert 10100 (base 2) to base 16.
14
-31 (base 4) to base 5
-23
Convert -12 (base 5) to base 9.
-7
14 (base 13) to base 11
16
1c (base 16) to base 2
11100
Convert 1 (base 7) to base 13.
1
11 (base 16) to base 9
18
7 (base 9) to base 4
13
Convert 11 (base 5) to base 2.
110
Convert -3 (base 16) to base 15.
-3
Convert -6 (base 10) to base 4.
-12
What is -11012 (base 3) in base 11?
-a3
Convert -45 (base 7) to base 14.
-25
Convert 35 (base 11) to base 6.
102
Convert 9 (base 11) to base 15.
9
Convert -3 (base 11) to base 5.
-3
What is -12 (base 9) in base 14?
-b
111 (base 2) to base 7
10
What is -101000 (base 2) in base 13?
-31
2 (base 8) to base 11
2
Convert 214 (base 7) to base 9.
131
4 (base 9) to base 11
4
113 (base 13) to base 14
d3
Convert 28 (base 16) to base 13.
31
66 (base 10) to base 4
1002
What is -76 (base 13) in base 10?
-97
What is 5 (base 7) in base 8?
5
-10010101 (base 2) to base 12
-105
What is -11 (base 4) in base 13?
-5
What is 20 (base 9) in base 7?
24
Convert 218 (base 9) to base 6.
455
Convert 1110001 (base 2) to base 15.
78
What is 10 (base 2) in base 5?
2
Convert -13 (base 10) to base 13.
-10
c (base 16) to base 10
12
Convert -1 (base 12) to base 14.
-1
-22 (base 7) to base 6
-24
10332 (base 4) to base 9
383
Convert -134 (base 7) to base 11.
-68
158 (base 9) to base 4
2012
-6 (base 9) to base 3
-20
What is 4 (base 6) in base 2?
100
What is -16 (base 9) in base 15?
-10
Convert 3 (base 14) to base 3.
10
Convert -4d (base 15) to base 3.
-2201
-d (base 15) to base 10
-13
10 (base 4) to base 12
4
Convert -2 (base 8) to base 12.
-2
Convert -10 (base 3) to base 7.
-3
What is -10 (base 3) in base 12?
-3
4 (base 8) to base 10
4
What is -16 (base 7) in base 15?
-d
Convert 1200 (base 3) to base 7.
63
What is -122 (base 5) in base 7?
-52
Convert 1200 (base 3) to base 4.
231
What is c (base 16) in base 7?
15
53 (base 9) to base 10
48
What is -2143 (base 5) in base 7?
-604
Convert 2e (base 16) to base 7.
64
What is 2 (base 8) in base 4?
2
Convert 271 (base 8) to base 15.
c5
Convert 47 (base 16) to base 13.
56
65 (base 10) to base 13
50
Convert 2134 (base 5) to base 11.
248
Convert -13 (base 4) to base 14.
-7
Convert -8 (base 14) to base 10.
-8
What is -2100 (base 3) in